+ 1)*(-272)/(-12)?
2, 17
Suppose 2*h + 82 = 4*h. Let d be (1 + -5)*(3 + 4). Let u = h + d. What are the prime factors of u?
13
Let q(p) = 2*p**2 - p + 1. Suppose 2*x - 2 - 6 = 0. Let a = -2 + x. What are the prime factors of q(a)?
7
Let l(w) = 2*w**2 + 4*w - 22. What are the prime factors of l(-13)?
2, 3, 11
Suppose 3*i = 9 - 0. Suppose 33 = -0*k + i*k. List the prime factors of k.
11
Suppose m = -0 - 3. Let l be 155/15 + (-2)/m. Let y = 3 + l. What are the prime factors of y?
2, 7
Suppose -3*a - a = 4*u - 4, -5*u - 3*a = -11. Suppose 3*l = 2*x + 24, -19 = -u*l - 3*x - 4. Suppose 0 + l = r. What are the prime factors of r?
2, 3
Let b = 7 - 1. What are the prime factors of b?
2, 3
Let g = 8 - 7. Suppose -5*y = -4*p + 31, -4*p - 2*y - 3*y = -g. List the prime factors of p.
2
Suppose v + 20 = 3*f, -2*f - 20 = -3*f - 3*v. Suppose t = -2*t - 6, -4*t + 22 = 5*b. List the prime factors of b/f - (-87)/12.
2
What are the prime factors of (-4)/6*84/(-8)?
7
Let a be 2/(4*3/72). Let u = 1 - 6. Let x = a + u. List the prime factors of x.
7
Let q(r) = -r**3 + 5*r**2 - 5*r + 4. Let s be (-7)/42 + 110/12. Suppose w - s = -2*w. What are the prime factors of q(w)?
7
Suppose 0 = y + 4*y. Suppose y = -4*l - 5*a - 17 + 4, -4*l - 2*a + 2 = 0. Suppose -l*c - 2*c + 30 = 0. List the prime factors of c.
2, 3
Suppose 5*v = 2*v, 4*x = -5*v + 16. Suppose 3*o - 4*c + 15 = 0, -x*c + c - 45 = 4*o. Let m = 13 + o. What are the prime factors of m?
2
Let n be (-8)/(-10)*(-20)/(-8). List the prime factors of n*6/(-21)*-7.
2
Suppose 40 + 198 = 7*w. List the prime factors of w.
2, 17
Let a(l) = -3*l**2 - 11*l + 4. Let o(i) = -2*i**2 - 6*i + 2. Let r(t) = -3*a(t) + 5*o(t). Let u be r(2). Suppose v - 4 = -u. What are the prime factors of v?
2
Suppose 8*c = -2*x + 4*c + 186, 3*x = -5*c + 282. What are the prime factors of x?
3, 11
Suppose 4*f + 4 = 8, 2*f - 3 = y. Let g be 17 - y - (-4 - -5). What are the prime factors of g/2 - 1/2?
2
Suppose 15*h + h - 4560 = 0. List the prime factors of h.
3, 5, 19
Let w = 21 + -14. Let x be 9/(0 - (-1)/w). What are the prime factors of -3*7/(x/(-30))?
2, 5
Let w = -35 + -7. Let i = w + 14. Let l = -20 - i. List the prime factors of l.
2
List the prime factors of -4*94/(-4)*1.
2, 47
Let f(k) = k - 13. Let z be f(9). Let o be (2/(-5))/(2/(-50)). List the prime factors of 8/o*(-30)/z.
2, 3
Let m = -23 + 26. List the prime factors of m.
3
Suppose -z - 3*z + 3*u - 1 = 0, -2*z - 5 = -3*u. Suppose -z*f = -n + 7, -f - 37 = 5*n - 6. What are the prime factors of -1 - ((-6)/3 + f)?
7
Let a be (-2)/(-2 - -4) + 1. Let b(d) = 4*d. Let f be b(1). Suppose a = -4*i - 3*z + 51, -f*z + 23 - 3 = 0. List the prime factors of i.
3
Let p(n) = n**3 - n**2. Let a(f) = 1 + 3*f - 3*f - 2 - 3*f. Let j be a(-1). List the prime factors of p(j).
2
Let s be 1/((-1)/(-60 - -3)). Let f = s + -33. List the prime factors of f.
2, 3
Let a(t) = -t**2 + 18*t - 1. What are the prime factors of a(8)?
79
Suppose 0 = -4*b - 3*t - 4, -2*b + t + 10 = b. Let a(u) = 2 - 1 + 4*u - 2*u. List the prime factors of a(b).
5
Suppose b - 415 = 5*n, 3*n + 405 = -2*n + 3*b. List the prime factors of n/(-4) + (-6)/2.
2, 3
Let r(d) = -d**3 + 6*d**2 - 8*d + 7. Let x be r(5). List the prime factors of (-2)/x + (-69)/(-12).
2, 3
Let z(c) = -18*c**3 + c**2 + c - 1. Let o be z(1). Let x = o - -26. What are the prime factors of x?
3
Let m = 46 + -25. List the prime factors of m.
3, 7
Let j be 7/3 - 2/6. List the prime factors of 171/6*j/3.
19
Suppose 0*p = -p. Suppose p = -c - 4*c + 80. What are the prime factors of c?
2
Suppose -s - 4 = 2*p + 3*s, -2*p = s - 5. Let v(u) = 7*u + 7 - p*u - 4*u. What are the prime factors of v(5)?
2
Let m(x) = 122*x**3 - x. What are the prime factors of m(1)?
11
Let s(h) = -h**2 + 5*h - 4. Let d be s(3). Suppose d*t - 14 = t. What are the prime factors of t?
2, 7
Let s = 71 - 37. What are the prime factors of s?
2, 17
Let m(u) = -10*u - 8. Let h be m(-11). Suppose -3*x + 4*q + 104 = x, 5*x + 2*q - h = 0. What are the prime factors of x?
2, 11
Let f = -166 + 346. List the prime factors of f.
2, 3, 5
Let p(h) = -h**3 - 3*h**2 + 3*h - 2. Suppose 2*w = -c - 2*c + 7, 0 = -5*w - 3*c + 13. Suppose -8 = x - b, 3*x + 20 = w*b - 0*b. List the prime factors of p(x).
2
Let q = 0 - -15. What are the prime factors of q?
3, 5
Let s = 59 - 35. Suppose 4*b - s = 3*b. What are the prime factors of b?
2, 3
Let v(u) be the second derivative of -u**5/20 - u**4/2 - 5*u**3/6 - 9*u**2/2 + u. Let a be v(-6). Let y = a - 12. List the prime factors of y.
3
Suppose 5*z - 43 - 668 = 4*p, 2*z = 5*p + 298. Let f = -87 + z. List the prime factors of f.
2, 13
Let o = -1 - -2. Let y = 13 - -43. Suppose 0 = -5*w - o + y. List the prime factors of w.
11
What are the prime factors of 717/15*(4 + 1)?
239
Suppose -3*m = 4*i - 650, 4*m = 2*i - i - 153. List the prime factors of i.
7, 23
Let x(l) = l**3 + 3*l**2 - l + 2. Suppose -3*i - 17 = -5*o + 2, 5*i + 2*o + 11 = 0. What are the prime factors of x(i)?
5
What are the prime factors of 0 + 2 - 110/(-10)?
13
Suppose 0 = 2*b + 4*x - 62, 0 = 5*x + 41 - 16. What are the prime factors of b?
41
Let j = 9 - 10. What are the prime factors of (2 - -28)*j/(-2)?
3, 5
Let y(f) = -f**3 + 2*f**2 + 3. Let x be y(2). Suppose s = v + 8, 2*v - 4*v + 32 = 4*s. Suppose s + x = p. List the prime factors of p.
11
Let h = -10 + 14. Suppose -n - 4*z + 51 = -3*z, -h*n - 2*z = -212. Suppose -n = 5*x - 10*x. What are the prime factors of x?
11
Let o = 6 - 3. Let v(x) = 3*x**2 - 4*x - 1. What are the prime factors of v(o)?
2, 7
Suppose 0 = 3*h + h - 4. Let v be (5 - h)/((-16)/(-280)). Suppose r + v = 6*r. What are the prime factors of r?
2, 7
Suppose 2*z - w - 4*w = 195, 5*z - 472 = -3*w. List the prime factors of z.
5, 19
Let y = 9 + -3. Suppose 63 = y*x - 3*x. What are the prime factors of x?
3, 7
Suppose -5*w - 95 = -2*p + p, -4*w - 4*p = 100. Let f = w - -14. What are the prime factors of ((-9)/(-6))/(f/(-8))?
2
Let s(g) = -12*g + 2. List the prime factors of s(-2).
2, 13
Suppose -4*x - 4*i = -396, 9*i - 293 = -3*x + 7*i. What are the prime factors of x?
5, 19
Let a(s) = s**2 - 6*s - 3. List the prime factors of a(8).
13
Let l be 2/(-4) - 9/(-2). Suppose 5*p = l + 51. List the prime factors of p.
11
Let i = 199 + -70. What are the prime factors of i?
3, 43
Suppose f - 2 = 2. Suppose d = -3, -t - d + 15 = -f*d. List the prime factors of (-3)/(-6) + t/4.
2
Suppose -u - 1 = 0, 5*w - 4*u = 827 - 248. List the prime factors of w.
5, 23
Let w = 9 + -6. Let z = w + 3. Suppose 0 = -2*b + 2*d + 20, -5*b + z = -4*b - 3*d. List the prime factors of b.
2, 3
Let d(n) = 49*n - 1. Let m be d(-1). Let s be (m/(-6))/(2/6). Suppose -4*f = -3*v + 1, -5*v + 10*v - s = -5*f. List the prime factors of f.
2
What are the prime factors of ((-2)/(-3))/(-7*(-14)/2205)?
3, 5
Let t = 12 + -4. Suppose 4*q = 0, -4*o + q + 2*q + t = 0. Suppose -2 - 14 = -o*d. List the prime factors of d.
2
Let f(v) = -6*v - 5 + 5*v - 2*v. List the prime factors of f(-4).
7
Let c(b) = 7*b**2 + 1. Let h be c(1). Let l(z) be the second derivative of -z**4/12 + 4*z**3/3 + 2*z**2 - z. What are the prime factors of l(h)?
2
Let o = 2 - -2. Let x(u) = -3*u - o + u - 4. What are the prime factors of x(-8)?
2
Let r(b) = 2*b + 5. Let z be r(-9). Let p = 11 - z. What are the prime factors of p?
2, 3
Let k = 188 + -298. List the prime factors of 4/14 + k/(-7).
2
Let d = 16 - 11. What are the prime factors of d?
5
Let c(y) = 4*y**3 - y**2 - 4*y + 3. Let l be c(2). Let a = l - 7. List the prime factors of a.
2
Let z = -7 + 175. List the prime factors of z.
2, 3, 7
Suppose b + 0 + 8 = 0. Let n = b + 10. List the prime factors of n.
2
What are the prime factors of (66/5)/((-9)/(-45))?
2, 3, 11
What are the prime factors of (-330)/15*(-1)/2?
11
Let x = 166 + -23. What are the prime factors of x?
11, 13
Let p = 129 + -29. Suppose p = 4*u - 36. List the prime factors of u.
2, 17
Suppose 215 = 5*u + 5*d, 2*d - 5*d + 219 = 5*u. List the prime factors of u.
3, 5
Suppose 3*u - 2*i = -124, 0 = u - 2*i + 27 + 21. Let d be (-8)/(-4)*u/(-4). Let j = -5 + d. What are the prime factors of j?
2, 7
Suppose 3*y - 85 = 5*h, -y + 3*h = 7*h. List the prime factors of y.
2, 5
Suppose -3*w + 5*w + 2 = 0. Let y be (3/w)/(-3 + 2). Suppose 7 + 29 = y*a. What are the prime fa